uppose -l = -4*x - 5. What is the remainder when 39 is divided by 144/x - 4/14?
9
Let f(r) = -4*r - 19. What is the remainder when f(-15) is divided by 22?
19
Let h(a) = -6*a**2 + 1. Let v be h(-1). Let b = 14 + v. What is the remainder when 25 is divided by b?
7
Let x = -3 + 28. Suppose 2*w = -w + 72. Suppose -2*v + w = 6. What is the remainder when x is divided by v?
7
Let f be -4 + (3 - (-6)/(-2)). What is the remainder when 35 is divided by 76/6 - f/(-6)?
11
Let d = 7 - -170. Calculate the remainder when 36 is divided by (-2)/3 + d/9.
17
Suppose -4*k + 74 = -18. What is the remainder when 68 is divided by k?
22
Let d(v) = v**3 - v**2 + 6. Let f be d(0). Let z be 6/(-9) + 46/f. Let s(r) = -r**2 + 7*r + 3. Calculate the remainder when 7 is divided by s(z).
1
Suppose -4*t + 5*r = -78 - 14, 2*t - 46 = -3*r. Let y = -105 + 201. Let n = -52 + y. What is the remainder when n is divided by t?
21
Suppose -5*q - 5*m + 82 = -703, -4*q - 5*m + 627 = 0. What is the remainder when q is divided by 20?
18
Suppose 5*x + 3*r - 4 = 35, -r = 2. Let i be (-41)/(-4) - x/36. Suppose -f + i = -0*f. Calculate the remainder when 18 is divided by f.
8
Let y(x) = -2*x**3 + 3*x - 4. Let c be y(-3). Let b = c + -13. What is the remainder when b is divided by 10?
8
Let b(x) = x**2 - 2*x + 5. Calculate the remainder when 38 is divided by b(4).
12
Let c = -7 - -3. Let v(y) = -5*y - 3. What is the remainder when v(c) is divided by 9?
8
Suppose 3 = -3*i, -4*i = -0*f - f + 8. Let w = 15 - 8. Let l = 9 - w. Calculate the remainder when f is divided by l.
0
What is the remainder when 18 is divided by 5/1 - (0 + 0)?
3
Calculate the remainder when 77 is divided by 2*11 + 8 + -10.
17
Let t(f) = -3*f**3 - 18*f**2 + 16*f + 9. Let y(q) = -q**3 - 9*q**2 + 8*q + 5. Let s(g) = -2*t(g) + 5*y(g). Calculate the remainder when 11 is divided by s(8).
4
Suppose 4*b + 18 = 2*n, -b + 9 = 3*n - 11. Let u(w) be the first derivative of 5*w**2/2 - w + 1. What is the remainder when n is divided by u(1)?
3
Suppose -5*d = -7*d + 38. Let i(l) = l**3 - 6*l**2. Let n be i(6). Let f = d - n. Calculate the remainder when f is divided by 11.
8
Let j = 72 + -31. What is the remainder when j is divided by 11?
8
Suppose 7 = 3*p - 5. Suppose -3*m + p = 2*d - m, -5*d + 3*m = 30. Calculate the remainder when 4 is divided by ((-4)/6)/(d/9).
0
Let n(k) = 2*k - 6. Let t be n(4). Let u(c) = 3*c**2 - c - 1. Suppose -3*a + 2*f + 68 = -3*f, -2*a + 50 = -f. Calculate the remainder when a is divided by u(t).
8
Let w(u) = 2*u**2 + 3*u - 5. Let c be (1 - 2) + (-3 - 0). Calculate the remainder when (12/(-10))/((-3)/110) is divided by w(c).
14
Let q be 4/(-10) - (-81)/15. Suppose -2*n + 7 + q = 0. Calculate the remainder when 10 is divided by n.
4
Let l(u) = -u + 18. Let q be l(9). What is the remainder when 38 is divided by q/6*(-80)/(-6)?
18
Let w(s) be the first derivative of -s**4/4 - 2*s**3/3 + 3*s**2 + s - 2. What is the remainder when 26 is divided by w(-4)?
8
Let f(p) = -p**3 - 3*p**2 - p - 1. Suppose 0 = 4*g + 7*a - 2*a + 17, -3*a - 15 = 4*g. What is the remainder when f(g) is divided by 2?
0
Let f = -3 - -5. Let x = -9 - -12. Calculate the remainder when x is divided by f.
1
Suppose 0*y = b - 2*y - 22, b + y = 13. What is the remainder when 45 is divided by b?
13
Let g(f) = -45*f**3 + f. Let o be g(-1). Let y = 5 - 1. Suppose 0 = -0*s + y*s - o. What is the remainder when 20 is divided by s?
9
Let s(r) = 5*r**2. Let k be s(-1). Suppose -3*t + 48 = k*x, x + x + 38 = 4*t. What is the remainder when t is divided by 2 - (1 - -2) - -4?
2
Let f = -18 + 36. Let w(c) = -c**2 + 7. What is the remainder when f is divided by w(0)?
4
Suppose 8*h - 300 = 5*h. What is the remainder when h is divided by 51?
49
Suppose p - 3*n = 11, -2*p + n = -1 - 11. Suppose -p*v = -19 - 126. What is the remainder when 86 is divided by v?
28
Calculate the remainder when ((-4)/(-8))/(5/10) is divided by 1.
0
Suppose 5 = 5*z - v, 0*v - 7 = -z - v. Let r be 2 + (0 + z - 2). What is the remainder when ((-20)/(-16))/(r/8) is divided by 3?
2
Suppose 0 = -6*s + 148 - 34. Calculate the remainder when 53 is divided by s.
15
Let g be -1 + 1 + (-181)/(-1). Suppose -2*l + 68 = n, -5*l + g = -0*n - 3*n. Calculate the remainder when l is divided by 12.
11
Let x(f) = -f**3 - 5*f**2 + 6*f + 10. Let b(s) = -s**3 + 3*s**2 - 2*s. Let h be b(3). What is the remainder when x(h) is divided by 3?
1
Let y(i) = 11 + 9*i - 3*i - 19. What is the remainder when y(5) is divided by 9?
4
Let y(z) = -z**3 + 3*z**2 + z + 5. Let c(r) = 1. Let v(k) = -2*c(k) + y(k). Calculate the remainder when v(3) is divided by 2.
0
Suppose -2*t + 116 = 16. Let v = -11 + 7. Let i = v + 17. Calculate the remainder when t is divided by i.
11
What is the remainder when ((-90)/8 - 0)*-4 is divided by ((-3)/(-6) - 1)/((-2)/92)?
22
Let i(g) = 22*g**2 + 2. Let a be i(2). Suppose u + 3*r - a = -2*u, 3*u = 2*r + 70. What is the remainder when u is divided by 14?
12
Let a(b) = -b**2 + 13*b - 5. Let u(s) = s**2 + 5*s + 10. Let n be u(-5). What is the remainder when a(n) is divided by 13?
12
Let w(q) = -11*q**3 - 2*q - 1. Let x(g) = 14*g + 8 - 3*g - g**2 + g. Calculate the remainder when x(9) is divided by w(-1).
11
Let p = -12 + 26. Suppose s - 21 = -4*v - 6, 4*v - s = 17. Calculate the remainder when p is divided by v.
2
Let x(s) = s**3 + 6*s**2 - 3*s - 1. Let p be x(-7). Let j = p - -50. What is the remainder when 41 is divided by j?
20
Let s be (-8)/(-20) + 87/(-5). Let c = -3 - s. What is the remainder when 27 is divided by c?
13
Suppose h - 6 = -0. Suppose 0 = -h*t + 7*t - 6. What is the remainder when t is divided by 4?
2
Let p(j) = j**2 + j - 1. Let y(s) = 4*s**2 + 5*s - 9. Let u(x) = -3*p(x) + y(x). Let g = 43 + -17. What is the remainder when g is divided by u(-5)?
8
What is the remainder when 249 is divided by ((-96)/(-54))/8 + (-322)/(-9)?
33
Let h be 10/4*(-6)/(-5). Suppose 2*t + h + 5 = 0, -5*u = 2*t - 2. Suppose -v - f = -2, 9 = v + 2*v + u*f. Calculate the remainder when 13 is divided by v.
3
Suppose 5*s - 42 = 4*u, 3*s - 4 = 2*s + 3*u. Suppose 11*w - 33 = 11. What is the remainder when s is divided by w?
2
Let i be (23 - -1) + (-2 - -1). Suppose -3*x + 5*x - 24 = -2*k, 0 = 3*k + 4*x - 37. What is the remainder when (-2 - i/4)*-4 is divided by k?
9
Suppose 0 = 5*j - 0*j - 40. Let f be -2*3/2 + j. Suppose -f*u + 50 = -0*u. Calculate the remainder when u is divided by 3.
1
Suppose 2*c - 18 = -2*o, -3*o - c - 3*c + 30 = 0. Suppose 0 = o*d - 2*d + 4*s - 12, 2*d = 4*s. What is the remainder when 4/14 - (-48)/28 is divided by d?
0
Suppose -d + 3*x - 6 = 0, -2*d + 24 = 2*d + 4*x. Suppose d*n + 2*o + 16 - 111 = 0, 0 = 5*n + o - 149. What is the remainder when n is divided by 8?
5
Suppose -3*n + 8 + 7 = 0. Let o(z) = -z + 4. Calculate the remainder when o(-10) is divided by n.
4
Let s be 1*-12*(-3)/9. Suppose s*g = 4*z + 60, -3*g + 2*g + 5*z + 19 = 0. Calculate the remainder when g is divided by 5.
4
Suppose -9*w = -4*w - 150. Calculate the remainder when 59 is divided by w.
29
Suppose 1 = j - 3*j - 3*h, -14 = -2*j + 2*h. Suppose f = 2*m - 9, -j*m - 3*f = -m. Let l = 0 + 7. Calculate the remainder when l is divided by m.
1
Suppose 89 + 43 = 2*g. Calculate the remainder when g is divided by 23.
20
Suppose 0 = -3*x - 5*l - 16, 24 - 7 = -2*x + 3*l. Let y(f) = -f**2 - 8*f + 1. What is the remainder when 29 is divided by y(x)?
5
Let g = 62 + -43. Calculate the remainder when g is divided by 5.
4
Let i(u) = -10*u - 1. Let v be i(-2). Suppose 6 = 5*n - v. What is the remainder when n is divided by 2?
1
Suppose -2*r + 3*i = 5 - 19, 4*r - i - 28 = 0. Calculate the remainder when r is divided by 3.
1
Suppose 0 = c - 2*q - 10, -4*c - 4*q - 12 = -5*c. Suppose -4*p + 8 + 4 = 0. What is the remainder when (1 + 0)/(p/45) is divided by c?
7
Suppose -4*y + 104 = -8*y. Let u = 12 - 3. What is the remainder when -1 + (-3)/(3/y) is divided by u?
7
Suppose 0 = -3*r + 118 + 41. Calculate the remainder when r is divided by 18.
17
Suppose 43 - 9 = -2*b. Let k = 5 + b. What is the remainder when 23 is divided by -2 + (-6)/(-3) - k?
11
Let f(z) = z**2 + 2*z - 3. Let r(u) = -8*u - 1. Let w = -6 - -5. Calculate the remainder when f(3) is divided by r(w).
5
Suppose -12 = g - h, g + 4*g - h + 48 = 0. Let u = 4 - g. What is 